 24 = -4*q. What is the greatest common factor of 3 and m?
3
Let z = -4 - -7. Suppose -2*s - z*o + 29 = 0, -2*o + 3 = 5. Suppose 0*q - g = 4*q - 7, 4*q + 4*g - s = 0. Calculate the highest common divisor of q and 11.
1
Let c = 2 - 2. Suppose c = -u + 3*u - 52. What is the greatest common factor of 130 and u?
26
Suppose -2 = -3*q + 7. Suppose 2*v + 3*z = -2*v + 172, 5*z + 100 = q*v. Calculate the highest common factor of 16 and v.
8
Let w be 75/21 - 6/(-14). What is the greatest common factor of w and 28?
4
Let j = 2 - 72. Let t = -5 - j. What is the greatest common divisor of t and 26?
13
Suppose -6*a + 2*a + 4 = 0. Let n be 4 - 0 - (-14 - a). Calculate the greatest common divisor of 19 and n.
19
Let n(o) = -o**2 - 3*o + 7. Let x be n(6). Let l = 49 - x. Calculate the greatest common divisor of l and 12.
12
Let x be (7 - 3) + (-1 - -2). What is the greatest common factor of 2 and x?
1
Suppose -10*v = 7 - 67. What is the greatest common divisor of v and 12?
6
Let a(i) = 16*i**3 + 2*i**2 - 3*i. Let c be a(2). Calculate the highest common divisor of c and 13.
13
Let w be 4*(-2)/(-4)*1. Let u be (w - (1 - 44))/1. Let i be 10/(-12)*(-18)/3. What is the highest common factor of u and i?
5
Suppose -4*x = -z - 385, -x - 5*z - 3 = -115. Let b be x - ((-2)/2 + 0). What is the greatest common factor of b and 14?
14
Let w = -3 - -5. Suppose 3*r + 7 = -w. Let j be r/15 - 362/(-10). Calculate the greatest common factor of 54 and j.
18
Suppose -3*u + 4*u + 4*w - 67 = 0, 223 = 4*u + w. Calculate the greatest common factor of u and 11.
11
Let k = 85 - 79. What is the greatest common factor of 10 and k?
2
Suppose -w + 1 + 3 = 0. Calculate the greatest common divisor of w and 4.
4
Let j(v) = 3*v**2 - 2*v. Let q(r) = 16*r**2 - 11*r - 1. Let p(h) = 22*j(h) - 4*q(h). Let b be p(5). Calculate the highest common factor of b and 18.
18
Suppose 0 = -2*u - 0*u + 60. Calculate the highest common divisor of 75 and u.
15
Let n(b) = b**3 - b**2 + 39. Let i be n(0). What is the highest common factor of i and 13?
13
Let z be 8 - -2*(-4)/4. Calculate the greatest common divisor of 54 and z.
6
Suppose -8*b + 225 = -3*b. Suppose u - 2*n - 3 = -0*n, -n - 6 = -u. What is the greatest common factor of u and b?
9
Suppose 3*q = 0, -108 = -4*v + 5*q + 148. What is the greatest common factor of 16 and v?
16
Let b(i) = 3*i - 1 - 5 - 4*i + 1. Let l be b(-11). Calculate the highest common divisor of 6 and l.
6
Let a be (1*18 + 10 + -10)*1. What is the greatest common divisor of a and 18?
18
Let q(h) = 2*h**2 + 4*h + 1. Let j be q(-3). Calculate the greatest common factor of 14 and j.
7
Suppose -2*l + 6 = p + 3*p, 5*l = 3*p - 11. Suppose 0 = -a + 2*a - p*m - 49, 0 = -a - 5*m + 35. What is the greatest common divisor of 30 and a?
15
Suppose 46 = i - 2*z - 0*z, 2*i - 5*z = 97. Suppose -2*q = 2*k - i, -3*k + 0*q + 33 = -4*q. What is the highest common divisor of k and 45?
15
Suppose p + 2*y = -4*p + 51, -4*p = -y - 46. What is the greatest common divisor of p and 11?
11
Suppose 184 + 96 = 4*x. What is the highest common factor of 175 and x?
35
Let s(v) = v**3 - 7*v**2 - v + 7. Let x be s(7). Suppose x = m + 5*y, m + 2 = 5*y + 42. Let o = m + 43. Calculate the greatest common divisor of o and 7.
7
Let x(g) = g - 5. Let r be x(7). Suppose -5 = -u + 3*i, -r*u - 4*i - i + 43 = 0. What is the greatest common factor of 98 and u?
14
Let m(f) = f**3 + f**2 + 6*f + 3. Let n be m(-4). Let k = -83 - -37. Let p = k - n. Calculate the greatest common factor of p and 207.
23
Let a be 1/((-1)/(-8)) + -4. Suppose -5*d = -18 - 2. What is the greatest common divisor of a and d?
4
Let v(a) = 2*a**2 + a - 3 + 0*a - 4. Let z be v(-5). Let d = -19 + z. What is the greatest common divisor of d and 38?
19
Let z = 8 + -12. Let t(r) = -2*r**3 - 6*r**2 - 7*r - 5. Let j be t(z). What is the greatest common factor of j and 11?
11
Let y be -14*1/((-2)/21). Suppose -63 = c - 4*c. Calculate the greatest common divisor of c and y.
21
Let w be ((-16)/20)/(4/(-10)). Let n(v) be the second derivative of 17*v**3/2 - v**2 + 2*v. Let p be n(w). Calculate the greatest common factor of 20 and p.
20
Suppose -2*m - 6 = -4*m. Calculate the highest common factor of 1 and m.
1
Suppose 1 = 2*a + 2*m + 3, -a + 3*m + 11 = 0. Suppose 0 = a*l - w - 21, 3*l - 4*l + 3 = 2*w. Calculate the highest common factor of l and 81.
9
Suppose 4*o = -5*k + 84, 0*k + k = 5*o - 76. Suppose 14 = 3*f - 5*a, -3*f + a = 3*a - 28. Calculate the greatest common divisor of o and f.
8
Let l be (-60)/(-4) + -4 + 2. Calculate the highest common factor of l and 13.
13
Suppose m + 3*t + t = -13, -4 = t. Suppose -g - m*g = -8. Suppose 3*c - 5*b - 13 = 0, -2*b = -4*c - 0*b + 8. What is the highest common factor of g and c?
1
Let t = 25 + -14. Calculate the greatest common divisor of 88 and t.
11
Let k = 35 - 33. Calculate the greatest common factor of 2 and k.
2
Let x = 12 + -7. Suppose 0 = x*l + 3*v + 2*v - 175, -4*l - 2*v + 134 = 0. What is the highest common divisor of 4 and l?
4
Let w = -126 + 176. What is the highest common factor of 10 and w?
10
Suppose -4*g + 212 = 56. Let c(l) = l**3 - 1. Let n be c(3). What is the highest common divisor of g and n?
13
Let j(c) = -c**2 - 19*c - 22. Let p be j(-11). What is the highest common divisor of 6 and p?
6
Suppose -2*q - 3*f + 2*f - 35 = 0, 0 = f + 3. Let r be 274/18 + q/72. Calculate the greatest common factor of r and 3.
3
Suppose 2*l - 10 = -100. Let w be (-27)/l + 47/5. Calculate the highest common divisor of 80 and w.
10
Suppose 0 = n - 27 - 18. What is the highest common divisor of n and 5?
5
Let h(x) = -4*x - 13*x - 9 + 2*x. Let a be h(-6). Let g = a - 33. Calculate the greatest common factor of g and 32.
16
Let g(u) = 2*u**2 + 5*u + 4. Let j be g(-4). Calculate the highest common factor of 2 and j.
2
Let q = 44 - -198. Calculate the greatest common factor of q and 22.
22
Suppose -3*u + 137 = -0*w + 5*w, 4*w = 5*u - 179. What is the greatest common factor of u and 3?
3
Let o be 1/(-5) + (-296)/(-5) + -5. What is the highest common divisor of o and 6?
6
Let x = 85 + -59. What is the highest common factor of x and 208?
26
Let z be 3 - 3 - (-8 + 6). Calculate the greatest common divisor of 4 and z.
2
Let w(u) = -u + 3. Let k be w(0). Suppose 0 = -k*g - 3. Let m = 9 - g. Calculate the greatest common factor of 4 and m.
2
Suppose 0 = -3*w + 38 + 28. What is the greatest common factor of 55 and w?
11
Let r = 27 - 15. Let j be 16/56 + 208/7. Calculate the highest common divisor of j and r.
6
Let h(m) = m**3 - 4. Let r be h(0). Let f be 56/6 - r/6. Suppose 10*k = 5*k + 550. Calculate the greatest common factor of k and f.
10
Suppose -n + 3*a = 3, -3*n = n - 4*a - 4. Let f be 2/(-6) + (-5)/n. Let i be 90 - (4 + 0 + f). What is the greatest common divisor of 11 and i?
11
Suppose -15 = 2*p - 7*p. Suppose f = p*f + 232. Let r be f/(-14) + 4/(-14). Calculate the highest common divisor of 40 and r.
8
Suppose 13 + 12 = 5*s. Suppose -s*d - 9 = 16. Let r(y) = -y**2 - 6*y + 5. Let l be r(d). Calculate the greatest common factor of 4 and l.
2
Suppose -2*t - 5*s + 41 = 0, 2*t + 4*s - 15 = 21. What is the highest common divisor of 8 and t?
8
Let v be (-2 - 2/(-1)) + 4. Suppose -6*n = 2*m - 2*n + 10, v*m + n = -34. Let s be (m/(-2))/((-3)/(-4)). What is the greatest common divisor of 3 and s?
3
Let s(p) = p - 19. Let n be s(19). Suppose 2*u = -n*u + 62. Calculate the greatest common factor of u and 341.
31
Let w = 3 - -4. Let j = 18 - w. Calculate the greatest common divisor of 22 and j.
11
Let t be -4 + 56/12 - 28/(-3). What is the highest common factor of t and 30?
10
Let x(j) = j**3 + 2*j**2 - 2*j + 1. Let a be x(-2). Suppose -g - 2*g + 193 = -a*b, 3*g = 2*b + 178. What is the greatest common divisor of 7 and g?
7
Let t = -5 - -61. Calculate the greatest common divisor of 8 and t.
8
Suppose 722 = 5*t - 2*x, -3*x = -2*t + t + 147. Suppose 3*u - t = u. What is the highest common factor of 8 and u?
8
Let m = -9 - -17. Let f(k) = 40*k - 2. Let o be f(2). Let v = 150 - o. Calculate the highest common divisor of v and m.
8
Suppose -2 - 6 = -4*i. Suppose 4*p - 15 = q, -4*p - 2*q + 4 = -2. Suppose p*b = -i*b + 25. Calculate the highest common factor of 15 and b.
5
Let u = 52 + -22. Calculate the highest common factor of u and 10.
10
Let 